s 12 - 368e?
-367c
In base 2, what is -111011 + 11101100010?
11100100111
In base 10, what is -3 - -539665?
539662
In base 6, what is 515314 - -140?
515454
In base 14, what is -3cdd - d?
-3d0c
In base 14, what is 14 - -a9a?
ab0
In base 11, what is 1 - -2898?
2899
In base 3, what is -2 + 1012010000200?
1012010000121
In base 16, what is 6ee + -29c?
452
In base 9, what is 3 - 40424?
-40421
In base 13, what is -1a1 - -2026?
1b55
In base 7, what is -3666 + 220?
-3446
In base 6, what is 4221 - 434?
3343
In base 12, what is -3a8 + -38?
-424
In base 8, what is 12646 - 1?
12645
In base 16, what is -20836 + b?
-2082b
In base 15, what is -9a3a - 0?
-9a3a
In base 4, what is 133 + 3322310?
3323103
In base 10, what is -75 - -78?
3
In base 5, what is 402 - -214221?
220123
In base 10, what is -3 + -38364?
-38367
In base 16, what is 34e507 + -4?
34e503
In base 16, what is -8ca - -27?
-8a3
In base 9, what is 1606 - 78?
1517
In base 12, what is 525 + -6?
51b
In base 9, what is 438266 + -3?
438263
In base 5, what is -411 - 1023242?
-1024203
In base 14, what is -42 + -560?
-5a2
In base 11, what is 278486 - -4?
27848a
In base 10, what is -100 - 3153?
-3253
In base 6, what is 5 + -1135020?
-1135011
In base 16, what is -22401 + 2?
-223ff
In base 10, what is -13081 + -1?
-13082
In base 2, what is -11 - -100101111000011101?
100101111000011010
In base 15, what is 11dec - 9?
11de3
In base 7, what is -10 - -66420?
66410
In base 9, what is -1142 - -604?
-437
In base 12, what is -20 + -4073?
-4093
In base 10, what is 1 + -1155137?
-1155136
In base 8, what is 23 - 440502?
-440457
In base 10, what is 183 - -131?
314
In base 8, what is 3 - 43214?
-43211
In base 4, what is -11 + -10011110?
-10011121
In base 15, what is -12 + 159?
147
In base 13, what is -1812a4 - 0?
-1812a4
In base 15, what is -1db - -6d4?
4e8
In base 7, what is -1416123 - -11?
-1416112
In base 3, what is 10 + 102021120?
102021200
In base 15, what is -45 + -4ba?
-510
In base 15, what is -4 + -159ac?
-159b1
In base 7, what is -61414 - 34?
-61451
In base 13, what is -53494c + 0?
-53494c
In base 5, what is 220 - 42112?
-41342
In base 2, what is 1010 - -111011110100?
111011111110
In base 12, what is -9 + a9540?
a9533
In base 11, what is 0 + a659?
a659
In base 6, what is 5 + 2503254?
2503303
In base 14, what is 11b - 814?
-6d7
In base 13, what is -32726 + -3?
-32729
In base 5, what is 2 + 233212?
233214
In base 16, what is 1bf1 + -4?
1bed
In base 3, what is 11 + 210102212?
210110000
In base 11, what is 131a - -2?
1321
In base 5, what is 10443143 + 0?
10443143
In base 8, what is 5311633 + 1?
5311634
In base 9, what is 25474 - 2?
25472
In base 5, what is 442000 - 3?
441442
In base 7, what is 555132 + 14?
555146
In base 15, what is 6 + -575d?
-5757
In base 10, what is -6607 + 259?
-6348
In base 8, what is 701 - 103?
576
In base 10, what is 4 + 1294914?
1294918
In base 15, what is -16 + -1a9e?
-1ab5
In base 12, what is -5 - 31701?
-31706
In base 14, what is 3 + a8b?
a90
In base 5, what is -4 + 14202124?
14202120
In base 16, what is 0 + -1af2?
-1af2
In base 16, what is -26e0 - 5?
-26e5
In base 7, what is 33 + 40100?
40133
In base 10, what is -62572 - -9?
-62563
In base 8, what is 6 - 47524?
-47516
In base 5, what is -3204444 - -10?
-3204434
In base 9, what is -2 + 537243?
537241
In base 13, what is 35941 - -7?
35948
In base 6, what is 50255 + 14?
50313
In base 13, what is 2 - -8947?
8949
In base 9, what is 24263 + 352?
24625
In base 4, what is 20103 - 1312?
12131
In base 9, what is -17151 - 327?
-17478
In base 16, what is -9337 - -5?
-9332
In base 8, what is -7 + -102152?
-102161
In base 8, what is 13 - -7504?
7517
In base 15, what is -117 + 917?
800
In base 3, what is -101 - -101122000202?
101122000101
In base 12, what is 3 + 56b9?
5700
In base 4, what is -2031031 - -20?
-2031011
In base 4, what is 1333132 - -30?
1333222
In base 15, what is 24d56 + -3?
24d53
In base 13, what is -487 + -b4?
-56b
In base 2, what is -1100010110100100 + -100?
-1100010110101000
In base 11, what is -15 + -3455?
-346a
In base 10, what is 49663 + 3?
49666
In base 5, what is 134033 - 10300?
123233
In base 3, what is -122 - -2201002?
2200110
In base 16, what is 100 - 4e?
b2
In base 6, what is 525 - 5005?
-4040
In base 3, what is 20222 + 1212011?
2010010
In base 14, what is 72 - 61c0?
-614c
In base 15, what is 7683 - -20?
76a3
In base 11, what is 57 - 11151?
-110a5
In base 9, what is -113120 - -4?
-113115
In base 3, what is 120 - 1220202?
-1220012
In base 9, what is 2 - -73758?
73761
In base 15, what is -5 - 36477?
-3647c
In base 10, what is 2 - 343817?
-343815
In base 4, what is -3 - -21012321?
21012312
In base 16, what is 23 + -f91?
-f6e
In base 16, what is -469cc + 2?
-469ca
In base 6, what is -20133 + -1045?
-21222
In base 6, what is -1 + -402145?
-402150
In base 16, what is -6 + b0fa?
b0f4
In base 16, what is 49 - -879?
8c2
In base 7, what is 623 + -1102?
-146
In base 9, what is -64 - -103?
28
In base 3, what is 211102122 - -2?
211102201
In base 7, what is -446 - 235?
-1014
In base 7, what is -30 - 3231?
-3261
In base 7, what is 13 - 21056?
-21043
In base 14, what is -6 + -b4b?
-b53
In base 6, what is 52 + -3032?
-2540
In base 4, what is 10 - 20003301?
-20003231
In base 14, what is -660 + -47?
-6a7
In base 13, what is -337 + -5?
-33c
In base 16, what is 1bf65 - -1?
1bf66
In base 9, what is 86538 + -1?
86537
In base 12, what is 2 - -253b5?
253b7
In base 9, what is 4 - -44763?
44767
In base 6, what is -52 + -210?
-302
In base 2, what is -100 + 1010001011111111?
1010001011111011
In base 2, what is 1110 + -101011010101?
-101011000111
In base 8, what is 3220 + -425?
2573
In base 4, what is -1 - -131232?
131231
In base 15, what is 1767 + 394?
1b0b
In base 16, what is -799 - -2?
-797
In base 6, what is -4322 + 52?
-4230
In base 14, what is d - a2b6?
-a2a7
In base 12, what is -11a88 + -28?
-11ab4
In base 12, what is 11 + 1b542?
1b553
In base 12, what is -799 - 62?
-83b
In base 13, what is 12956 + 18?
12971
In base 7, what is -6 - 33635?
-33644
In base 15, what is 2622 - 4?
261d
In base 4, what is -223123 + 10?
-223113
In base 9, what is 4613 - -33?
4646
In base 9, what is 6 + 115576?
115583
In base 8, what is -15605 - -5?
-15600
In base 5, what is 10 - -123442413?
123442423
In base 11, what is -38 - -1606?
1579
In base 16, what is 32ac - 1?
32ab
In base 6, what is -135320103 - -1?
-135320102
In base 3, what is 200122112 + 10?
200122122
In base 12, what is -40725 - -2?
-40723
In base 16, what is 1a + 769?
783
In base 3, what is 1210210 + 12202?
2000112
In base 2, what is -11111000101 + 10100001001?
-1010111100
In base 2, what is -1110 + -101001111110110110?
-101001111111000100
In base 9, what is 1 + 148447?
148448
In base 6, what is 1244545 - 4?
1244541
In base 10, what is 126725 - -12?
126737
In base 13, what is a08 - 997?
41
In base 6, what is 130002 + 4?
130010
In base 9, what is 8831 + -5?
8825
In base 11, what is -2984 + 2?
-2982
In base 16, what is 1f53 + -2?
1f51
In base 6, what is -511 + -1?
-512
In base 13, what is 1c3a - 2?
1c38
In base 2, what is -10110010 + -1100111000101?
-1101001110111
In base 14, what is -3d94 + 4?
-3d90
In base 13, what is -3c4012 - -5?
-3c400a
In base 11, what is 1 - -1693?
1694
In base 2, what is 101111 - 10010111011001010?
-10010111010011011
In base 14, what is 59 - -1086?
1101
In base 11, what is 219 + -52?
177
In base 16, what is -2f5 - -19b?
-15a
In base 16, what is -4f4 - -2?
-4f2
In base 10, what is -115 + 2896?
2781
In base 10, what is 70 - -14004?
14074
In base 9, what is 4511588 + 4?
4511603
In base 9, what is 7 - -38662?
38670
In base 7, what is 1440250 - -4?
1440254
In base 12, what is -3 - -9bb93?
9bb90
In base 11, what is -883 + -55?
-928
In base 11, what is -2a6 + -2074?
-236a
In base 15, what is 244de + -2?
244dc
In base 5, what is 2321211 + 122?
2321333
In base 3, what is -100010110 + 10121?
-22222212
In base 16, what is 4 + -af03?
-aeff
In base 14, what is 51 - 6ba0?
-6b4d
In base 4, what is -12 - 1313221?
-1313233
In base 4, what is 1 - 2122012222?
-2122012221
In base 8, what is -57 - 3342?
-3421
In base 9, what is 222320 - -26?
222346
In base 8, what is -37 - 40660?
-40717
In base 13, what is -4548 + 1?
-4547
In base 13, what is 24 - -334?
358
In base 9, what is 531542 + 13?
531555
In base 3, w